 (1 - -3) + 1.
-5
What is (-6 - -2) + (-4 - -7)?
-1
What is 0 - (1 + 4 - 0 - 1)?
-4
Calculate -2 + -3 - (1 + -7 + -1).
2
What is 4 - (3 - -1 - 3)?
3
Evaluate -3 + 7 + (-12 - -5 - -4).
1
What is the value of -9 + (-13 + 30 - 9)?
-1
What is -4 + (12 + -7 - 6)?
-5
Calculate 1 - (9 - 4) - -10.
6
2 + -8 + 4 + 0 - 1
-3
(-5 - -18) + -6 + -11
-4
What is the value of 10 + -5 - 6 - 7?
-8
-2 + -3 - (-2 + -2)
-1
What is the value of -3 - (0 - 1 - 1)?
-1
What is 1 + -7 - (-17 - -6)?
5
What is the value of -7 + -5 + 5 - -6?
-1
Calculate (10 - (13 - 7)) + 2.
6
Evaluate (1 - -5) + 1 + -4.
3
Calculate -1 - (3 - 4) - (0 - 2).
2
3 + (4 + -9 + 2 - 1)
-1
What is -2 - -7 - (-4 + (10 - 3))?
2
2 + (-6 - -18 - 9)
5
What is -5 + 1 + 6 + -12 + 5?
-5
Calculate -5 - ((-1 - 12) + (15 - 9)).
2
Calculate (2 + -12 - -1) + 5.
-4
Evaluate 0 + -2 - (-2 - 3).
3
What is the value of (14 - 5 - 5) + 4?
8
What is (-8 - (5 + -14)) + 0 + -5?
-4
What is the value of -12 + 15 + (1 + 0 - -1)?
5
(4 - 3) + 3 + -3
1
What is the value of 3 + 4 - (4 - -6)?
-3
What is the value of 1 + 4 + (-21 - -24) + -1?
7
What is (2 - -2) + (3 - 4)?
3
Evaluate 1 + (-16 - -5) - -8.
-2
Calculate -1 + 3 + (-7 - -8) + -3.
0
0 - (-2 + -3 + (-6 - -6))
5
Evaluate 3 - (-7 + 17 + -3 + -4).
0
Calculate -2 + (5 - (-2 + 1)) + -3.
1
Calculate (1 - 4) + 5 + (-4 - -4).
2
What is the value of -1 + (4 - 2) + 6 + -3?
4
What is the value of (2 - 12 - -6) + -5?
-9
What is the value of 1 - (0 - 2) - 1?
2
Calculate (0 - 2) + (-1 - -3) + 0.
0
2 + 3 + -1 + (7 - 15)
-4
What is -1 + 3 + -5 + 3 + 4?
4
What is the value of 5 + (-7 + 9 - 3) - -2?
6
-1 + -6 + -2 + -2 + 8
-3
What is the value of 1 + 0 + 4 + -1?
4
What is -3 - (3 - -1 - 9)?
2
Evaluate (-3 - -4) + (3 - -4) + -3.
5
What is -7 - (2 + -7 + -2)?
0
What is the value of (3 - (4 + 3)) + -4 + 4?
-4
-9 + (2 - -2) + 5
0
What is the value of -2 + 8 + -12 + (-6 - -11)?
-1
What is -8 - 0 - (27 + -35)?
0
What is -10 - (-5 - 8) - (4 + -1)?
0
What is the value of (1 - (0 - 1)) + -5?
-3
Calculate 0 - (-2 - 0) - (-5 + 7).
0
What is 3 + -1 - (88 - 84)?
-2
Calculate -2 + 1 + 2 - (-2 + -2).
5
What is 2 + -1 - ((3 - -3) + -1)?
-4
(-1 - (-7 + 2)) + 0 + -3
1
1 + (-3 - -2 - -3)
3
What is the value of -4 - (4 - (8 - 2))?
-2
What is 1 - (10 - 1) - -7?
-1
Calculate -5 + 6 - (3 + -4).
2
What is (7 - 3) + -1 - (11 - 10)?
2
2 + (32 - 12 - 13)
9
What is (-4 - (-4 + 2)) + (-2 - -3)?
-1
What is 3 + (-1 - 1) + -1 + 0?
0
What is the value of -7 - (-5 - (-6 - -7))?
-1
(-3 - -1) + 4 - -3
5
Evaluate 2 + (1 - (-5 - -9)).
-1
-1 - 4 - (-2 - -1)
-4
-4 - (-3 - 6) - (1 - -1)
3
Evaluate (7 - (0 + 5 + -13)) + -5.
10
Evaluate -6 + (5 - (-3 - (3 - 2))).
3
-1 - 5 - (-1 - 6) - -5
6
What is the value of 5 + -2 - -2 - 4?
1
Evaluate (4 - -3) + -5 + -3.
-1
Calculate (3 - (-3 + 9)) + -1.
-4
Calculate (11 - 3) + (5 - 9).
4
What is the value of -3 + 2 + (10 - 2)?
7
What is the value of (3 - 2) + (4 - (4 + -2))?
3
What is the value of 1 + 0 - (1 + -4)?
4
Calculate -4 + (-5 - (-9 - 6)).
6
What is (14 - 17) + (5 - 0)?
2
What is 8 + 2 - (-73 - -76)?
7
What is 8 - (-7 - -4 - -6)?
5
Calculate 19 + -11 + 5 - 3.
10
Evaluate 0 - (-5 - -9) - -3 - 4.
-5
Calculate 2 + (9 - 8) + 1.
4
What is the value of 3 - (15 + -5) - -2?
-5
What is the value of -4 - (5 + -2 + -4)?
-3
What is (5 + 4 - 21) + 7?
-5
Calculate (1 - 2 - -2) + (-22 - -26).
5
Calculate 3 + 9 + -10 + -4.
-2
What is 75 - 76 - (-1 - (0 - 0))?
0
Calculate -3 + 3 - -2 - (5 + -1).
-2
What is the value of 2 + 2 + -6 - (2 - 0)?
-4
What is the value of 1 + (4 - 0 - (-33 + 32))?
6
-2 + -2 + (-11 - -6) + 5
-4
0 - (5 + (0 - (-3 - -8)))
0
What is (-1 - -7 - 0) + -1?
5
(5 - 23) + 9 - -9
0
What is the value of 15 + (8 + -8 + -8 - -3)?
10
-5 - (-45 + 51 + (-3 - -1))
-9
(-6 - -4) + 13 + -1
10
Evaluate 6 + (-6 - 4) + 2.
-2
What is -4 - (3 - -2) - -5?
-4
Calculate -6 + (8 - 6) + 4.
0
What is the value of 11 + -9 + 4 - -2?
8
What is 1 + 1 + (3 + 13 - 18)?
0
What is -1 + (0 + 0 - 1) + 3?
1
-6 + (5 - 2) + 2 + -3
-4
What is the value of -1 + (3 - 0) - 4?
-2
Evaluate (-27 - -26) + 1 + -5.
-5
1 - -2 - (23 + -16)
-4
2 + 0 + (2 - 5) + -1
-2
-4 + (-20 - -19 - (-3 + 1))
-3
1 + -7 + 2 + (-3 - -3)
-4
Calculate -4 + 19 + -14 + 6.
7
Calculate 13 - 8 - 5 - 2 - 3.
-5
Evaluate (3 - -2) + (-12 - -12).
5
What is the value of 0 + -1 + (41 - 38)?
2
Evaluate (-2 - -2) + 1 + -6.
-5
Evaluate -8 - -12 - (7 + 2).
-5
Evaluate (-6 - -2) + (-4 - (0 + -1)).
-7
What is the value of 4 - (11 + 2 + 16 + -16)?
-9
2 + (4 - (-3 + 2) - 4)
3
Evaluate -11 + 4 - 2 - -12.
3
-3 + 5 + 1 + -7
-4
What is 8 + (-1 - -1) + -4?
4
What is 4 - ((-7 - -6) + 6 + -3)?
2
Evaluate (-3 - 2 - -1) + -1.
-5
What is the value of 1 - (-14 + 8 - -7)?
0
What is -2 + 9 + -2 - 5?
0
9 + 13 + -16 + -5
1
What is the value of (4 - (6 + -7)) + -10?
-5
Evaluate -1 + 2 + 0 - (-1 + -1).
3
Evaluate -5 + 9 + 3 + -10.
-3
Evaluate -5 - 2 - ((-5 - -10) + -9).
-3
Evaluate 0 - -6 - (15 - (8 + 4)).
3
1 - ((3 - (2 + -4)) + -10)
6
What is 0 + 1 + 1 - 0?
2
(-5 - -10) + (-2 - 1) + -3
-1
Evaluate -8 - (-2 + 1 - (3 + -1)).
-5
4 + -2 + 0 + 11 + -11
2
What is the value of (3 - 1) + -3 + -1?
-2
Calculate -13 + (38 - (-15 + 30)).
10
-2 + (-7 - 3) + 7 + 0
-5
What is the value of (5 - (2 - -3)) + 5?
5
What is 5 - (0 - 1 - (-11 + 7))?
2
What is the value of 1 + -6 + (-4 - -17) + -6?
2
(15 - (8 + -2)) + -15
-6
Evaluate -3 - (8 + -5 + -2).
-4
What is the value of (1 - 0) + 6 + (-6 - 3)?
-2
What is the value of (0 - -1) + -8 + 12?
5
What is the value of (3 - 5) + 2 - -1?
1
What is the value of 6 + -5 + 3 + 2?
6
Evaluate -5 + 4 - (4 + -1).
-4
What is the value of -7 - (-24 - (-3 - 9))?
5
Evaluate 14 - (6 + (6 - 6)).
8
Calculate 6 + (-2 - 3) - -6 - 16.
-9
(3 - 8) + (2 - 2 - -1)
-4
Calculate 7 + -12 + (2 - 2).
-5
-1 - 4 - (17 - 23)
1
What is 2 + 0 - (-5 - 0 - -4)?
3
3 - 7 - (-4 + 2 - -2)
-4
What is the value of -5 + 2 + -2 + 5 + 4?
4
-13 - (2 + -7) - -6
-2
What is 2 + 5 + (-98 - -84)?
-7
What is -2 + 10 + (5 + 0 - 18)?
-5
3 - (-5 + -6 + 7)
7
-5 + 4 + -1 + 5
3
What is the value of -4 - 1 - (-11 + 15 + -15)?
6
What is the value of 9 - (2 + 9 + -9)?
7
Evaluate -2 + -3 + -2 + (40 - 28).
5
Calculate 6 - (0 + -1 - -5).
2
What is the value of (-3 - -7) + 4 - (-1 + 4)?
5
(19 - -2) + -13 + 6 + -4
10
What is the value of (0 - (-2 - -2)) + 5?
5
Evaluate 0 - 5 - (31 - 42).
6
Evaluate 1 - -1 - (19 + -21).
4
What is the value of -11 + 8 + (-3 - (8 - 4))?
-10
What is -3 + (-2 - -2) - -2 - -2?
1
What is -5 + (23 - (-12 + 20))?
10
Calculate (-3 - 1) + 1 + 5 + 0.
2
What is the value of -1 + 8 + (8 - 10)?
5
What is (11 - 13) + (2 - 6) - -2?
-4
Evaluate 12 - 8 - (0 - 1).
5
What is the value of -7 - (2 - 2 - 8)?
1
Calculate 8 + -9 + -8 + 1 + 4.
-4
(4 + -3 - (-2 + 5)) + 1
-1
Evaluate (-13 - -2) + 6 + 8.
3
Calculate -2 - (2 + -3 + 2).
-3
Evaluate -4 + (0 - (1 - 3)).
-2
Evaluate 0 - (4 - 4 - -3).
-3
-1 + (4 + 2 - 5 - 3)
-3
Calculate -1 + 12 + -5 - 0.
6
What is the value of -4 - (-10 - ((-1 - 2) + 0))?
3
What is (-4 - -2) + 3 + 4 + 0?
5
Calculate 9 - (7 - (10 - 13)).
-1
What is -11 + (10 - (-5 - -9))?
-5
-7 + 3 + -4 + 1
-7
(0 - (-3 + 4)) + (2 - 2)
-1
0 + (-12 - -3) - -2
-7
What is -1 - (4 + 0 + -1)?
-4
What is the value of (10 - 8) + -10 - -6?
-2
What is -8 - 0 - -16 - (1 - -1)?
6
What is 1 + -1 - -3 - (5 - 0)?
-2
Calculate -2 + (12 - 4 - -3).
9
What is 24 - 9 - 3 - 22?
-10
-27 + 22 + (-2 - 0 - -18)
11
What is (-2 - -5) + -1 - 6?
-4
Calculate 5 + (-7 - (1 - 3)).
0
4 + (3 + -6 - 6) + -1
-6
Evaluate -2 - 3 - -7 - -1 - 2.
1
(6 + -9 - -9) + -5
1
What is (0 - -2) + 72 + -76?
-2
Evaluate 5 + -5 + (-6 - (-7 - 6)).
7
Evaluate 9 - (15 + 0) - -4.
-2
-3 + (-11 - -9) - -7
2
Evaluate (1 - -2) + -3 + (8 - 7).
1
What is 0 + -2 + 2 - (19 + -13)?
-6
Calculate 1 - (-6 + 12 - 0).
-5
Evaluate 13 + -6 + -10 + (4 - 1).
0
What is the value of -3 + -3 + (-13 - -14)?
-5
Evaluate -10 + (-11 + 6 - -10).
-5
3 + 3 + -17 + 14
3
Calculate (-5 - -2) + (-2 + 2 - 0).
-3
What is -4 + (-4 - (-2 + (-4 - -1)))?
-3
Calculate -5 + (1 - (-11 - -15)).
-8
What is (-2 - 0) + 1 - (3 + -3)?
-1
-5 + -7 - -8 - 2
-6
What is -1 + (5 - (4 + -5 - 0))?
5
What is the value of -3 - (0 + -1 + -1)?
-1
Calculate 4 + (-3 - (0 + (-4 - -3))).
2
-11 - -9 - -10 - (-4 + 2)
10
Calculate (0 - -2) + (1 - (5 + -3)).
1
Calculate 7 - (-3 + 7) - -1.
4
What is the value of -5 - 0 - (-5 - -5